{"id":814,"date":"2025-05-25T09:27:55","date_gmt":"2025-05-25T09:27:55","guid":{"rendered":"https:\/\/genoacalciofemminile.it\/?page_id=814"},"modified":"2025-06-14T10:54:47","modified_gmt":"2025-06-14T10:54:47","slug":"elementor-814","status":"publish","type":"page","link":"https:\/\/genoacalciofemminile.it\/?page_id=814","title":{"rendered":"ACADEMY"},"content":{"rendered":"\t\t<div data-elementor-type=\"wp-post\" data-elementor-id=\"814\" class=\"elementor elementor-814\">\n\t\t\t\t<div class=\"elementor-element elementor-element-30fa98d e-flex e-con-boxed e-con e-parent\" data-id=\"30fa98d\" data-element_type=\"container\">\n\t\t\t\t\t<div class=\"e-con-inner\">\n\t\t\t\t<div class=\"elementor-element elementor-element-c24117b elementor-widget elementor-widget-text-editor\" data-id=\"c24117b\" data-element_type=\"widget\" data-widget_type=\"text-editor.default\">\n\t\t\t\t<div class=\"elementor-widget-container\">\n\t\t\t\t\t\t\t\t\t<h6>L&#8217;Academy del Genoa Calcio Femminile, dopo il periodo funesto del Covid, ha ricominciato a crescere. Dal 2022 ad oggi i numeri sono triplicati.\u00a0<\/h6><p><strong>Ad oggi il settore giovanile conta sulle leve Under 10, Under 12 e Under 15, con una Under 17 in fase di costruzione. Il progetto a breve termine della societ\u00e0 rossobl\u00f9 \u00e8 quello di arrivare all&#8217;insediamento di un settore di eccellenza e di una Prima Squadra<\/strong><\/p>\t\t\t\t\t\t\t\t<\/div>\n\t\t\t\t<\/div>\n\t\t\t\t\t<\/div>\n\t\t\t\t<\/div>\n\t\t<div class=\"elementor-element elementor-element-bb7af32 e-flex e-con-boxed e-con e-parent\" data-id=\"bb7af32\" data-element_type=\"container\">\n\t\t\t\t\t<div class=\"e-con-inner\">\n\t\t\t\t<div class=\"elementor-element elementor-element-97a2eea elementor-widget elementor-widget-image-gallery\" data-id=\"97a2eea\" data-element_type=\"widget\" data-widget_type=\"image-gallery.default\">\n\t\t\t\t<div class=\"elementor-widget-container\">\n\t\t\t\t\t\t\t<div class=\"elementor-image-gallery\">\n\t\t\t<div id='gallery-1' class='gallery galleryid-814 gallery-columns-3 gallery-size-2048x2048'><figure class='gallery-item'>\n\t\t\t<div class='gallery-icon landscape'>\n\t\t\t\t<a data-elementor-open-lightbox=\"yes\" data-elementor-lightbox-slideshow=\"97a2eea\" data-elementor-lightbox-title=\"Genoa Figgi do zena 3\" data-e-action-hash=\"#elementor-action%3Aaction%3Dlightbox%26settings%3DeyJpZCI6ODgwLCJ1cmwiOiJodHRwczpcL1wvZ2Vub2FjYWxjaW9mZW1taW5pbGUuaXRcL3dwLWNvbnRlbnRcL3VwbG9hZHNcLzIwMjVcLzA1XC9HZW5vYS1GaWdnaS1kby16ZW5hLTMtZTE3NDgxNjU0MTU3ODMucG5nIiwic2xpZGVzaG93IjoiOTdhMmVlYSJ9\" href='https:\/\/genoacalciofemminile.it\/wp-content\/uploads\/2025\/05\/Genoa-Figgi-do-zena-3-e1748165415783.png'><img fetchpriority=\"high\" decoding=\"async\" width=\"1080\" height=\"598\" src=\"https:\/\/genoacalciofemminile.it\/wp-content\/uploads\/2025\/05\/Genoa-Figgi-do-zena-3-e1748165415783.png\" class=\"attachment-2048x2048 size-2048x2048\" alt=\"\" srcset=\"https:\/\/genoacalciofemminile.it\/wp-content\/uploads\/2025\/05\/Genoa-Figgi-do-zena-3-e1748165415783.png 1080w, https:\/\/genoacalciofemminile.it\/wp-content\/uploads\/2025\/05\/Genoa-Figgi-do-zena-3-e1748165415783-300x166.png 300w, https:\/\/genoacalciofemminile.it\/wp-content\/uploads\/2025\/05\/Genoa-Figgi-do-zena-3-e1748165415783-1024x567.png 1024w, https:\/\/genoacalciofemminile.it\/wp-content\/uploads\/2025\/05\/Genoa-Figgi-do-zena-3-e1748165415783-768x425.png 768w\" sizes=\"(max-width: 1080px) 100vw, 1080px\" \/><\/a>\n\t\t\t<\/div><\/figure><figure class='gallery-item'>\n\t\t\t<div class='gallery-icon landscape'>\n\t\t\t\t<a data-elementor-open-lightbox=\"yes\" data-elementor-lightbox-slideshow=\"97a2eea\" data-elementor-lightbox-title=\"1713805863633\" data-e-action-hash=\"#elementor-action%3Aaction%3Dlightbox%26settings%3DeyJpZCI6ODgxLCJ1cmwiOiJodHRwczpcL1wvZ2Vub2FjYWxjaW9mZW1taW5pbGUuaXRcL3dwLWNvbnRlbnRcL3VwbG9hZHNcLzIwMjVcLzA1XC8xNzEzODA1ODYzNjMzLXNjYWxlZC5qcGciLCJzbGlkZXNob3ciOiI5N2EyZWVhIn0%3D\" href='https:\/\/genoacalciofemminile.it\/wp-content\/uploads\/2025\/05\/1713805863633-scaled.jpg'><img decoding=\"async\" width=\"2048\" height=\"1155\" src=\"https:\/\/genoacalciofemminile.it\/wp-content\/uploads\/2025\/05\/1713805863633-2048x1155.jpg\" class=\"attachment-2048x2048 size-2048x2048\" alt=\"\" srcset=\"https:\/\/genoacalciofemminile.it\/wp-content\/uploads\/2025\/05\/1713805863633-2048x1155.jpg 2048w, https:\/\/genoacalciofemminile.it\/wp-content\/uploads\/2025\/05\/1713805863633-300x169.jpg 300w, https:\/\/genoacalciofemminile.it\/wp-content\/uploads\/2025\/05\/1713805863633-1024x577.jpg 1024w, https:\/\/genoacalciofemminile.it\/wp-content\/uploads\/2025\/05\/1713805863633-768x433.jpg 768w, https:\/\/genoacalciofemminile.it\/wp-content\/uploads\/2025\/05\/1713805863633-1536x866.jpg 1536w\" sizes=\"(max-width: 2048px) 100vw, 2048px\" \/><\/a>\n\t\t\t<\/div><\/figure><figure class='gallery-item'>\n\t\t\t<div class='gallery-icon landscape'>\n\t\t\t\t<a data-elementor-open-lightbox=\"yes\" data-elementor-lightbox-slideshow=\"97a2eea\" data-elementor-lightbox-title=\"1718460812747\" data-e-action-hash=\"#elementor-action%3Aaction%3Dlightbox%26settings%3DeyJpZCI6ODgyLCJ1cmwiOiJodHRwczpcL1wvZ2Vub2FjYWxjaW9mZW1taW5pbGUuaXRcL3dwLWNvbnRlbnRcL3VwbG9hZHNcLzIwMjVcLzA1XC8xNzE4NDYwODEyNzQ3LXNjYWxlZC5qcGciLCJzbGlkZXNob3ciOiI5N2EyZWVhIn0%3D\" href='https:\/\/genoacalciofemminile.it\/wp-content\/uploads\/2025\/05\/1718460812747-scaled.jpg'><img decoding=\"async\" width=\"2048\" height=\"1152\" src=\"https:\/\/genoacalciofemminile.it\/wp-content\/uploads\/2025\/05\/1718460812747-2048x1152.jpg\" class=\"attachment-2048x2048 size-2048x2048\" alt=\"\" srcset=\"https:\/\/genoacalciofemminile.it\/wp-content\/uploads\/2025\/05\/1718460812747-2048x1152.jpg 2048w, https:\/\/genoacalciofemminile.it\/wp-content\/uploads\/2025\/05\/1718460812747-300x169.jpg 300w, https:\/\/genoacalciofemminile.it\/wp-content\/uploads\/2025\/05\/1718460812747-1024x576.jpg 1024w, https:\/\/genoacalciofemminile.it\/wp-content\/uploads\/2025\/05\/1718460812747-768x432.jpg 768w, https:\/\/genoacalciofemminile.it\/wp-content\/uploads\/2025\/05\/1718460812747-1536x864.jpg 1536w\" sizes=\"(max-width: 2048px) 100vw, 2048px\" \/><\/a>\n\t\t\t<\/div><\/figure>\n\t\t<\/div>\n\t\t<\/div>\n\t\t\t\t\t\t<\/div>\n\t\t\t\t<\/div>\n\t\t\t\t\t<\/div>\n\t\t\t\t<\/div>\n\t\t\t\t<\/div>\n\t\t","protected":false},"excerpt":{"rendered":"<p>L&#8217;Academy del Genoa Calcio Femminile, dopo il periodo funesto del Covid, ha ricominciato a crescere. Dal 2022 ad oggi i numeri sono triplicati.\u00a0 Ad oggi il settore giovanile conta sulle leve Under 10, Under 12 e Under 15, con una Under 17 in fase di costruzione. Il progetto a breve termine della societ\u00e0 rossobl\u00f9 \u00e8 [&hellip;]<\/p>\n","protected":false},"author":1,"featured_media":0,"parent":0,"menu_order":0,"comment_status":"closed","ping_status":"closed","template":"","meta":{"footnotes":""},"class_list":["post-814","page","type-page","status-publish","hentry"],"blocksy_meta":[],"_links":{"self":[{"href":"https:\/\/genoacalciofemminile.it\/index.php?rest_route=\/wp\/v2\/pages\/814","targetHints":{"allow":["GET"]}}],"collection":[{"href":"https:\/\/genoacalciofemminile.it\/index.php?rest_route=\/wp\/v2\/pages"}],"about":[{"href":"https:\/\/genoacalciofemminile.it\/index.php?rest_route=\/wp\/v2\/types\/page"}],"author":[{"embeddable":true,"href":"https:\/\/genoacalciofemminile.it\/index.php?rest_route=\/wp\/v2\/users\/1"}],"replies":[{"embeddable":true,"href":"https:\/\/genoacalciofemminile.it\/index.php?rest_route=%2Fwp%2Fv2%2Fcomments&post=814"}],"version-history":[{"count":8,"href":"https:\/\/genoacalciofemminile.it\/index.php?rest_route=\/wp\/v2\/pages\/814\/revisions"}],"predecessor-version":[{"id":1008,"href":"https:\/\/genoacalciofemminile.it\/index.php?rest_route=\/wp\/v2\/pages\/814\/revisions\/1008"}],"wp:attachment":[{"href":"https:\/\/genoacalciofemminile.it\/index.php?rest_route=%2Fwp%2Fv2%2Fmedia&parent=814"}],"curies":[{"name":"wp","href":"https:\/\/api.w.org\/{rel}","templated":true}]}}